 + d*v - 14*v = 1301. What is the hundreds digit of c?
2
Suppose k - 6955 = 7991 + 875. What is the tens digit of k?
2
Suppose -107*i + 109*i - 8546 = 4*l, -10 = -5*l. What is the units digit of i?
7
Suppose 0 = 3*h + 6, 43 = -3*y + 3*h - 5*h. Let f = y - -19. Suppose f*j = 9*j - 510. What is the hundreds digit of j?
1
Suppose 2 = p + 5*h - 14, 2*h = 4. Let z be (92/(-6))/((-2)/p). Let n = z + 51. What is the units digit of n?
7
Let h(g) = 3*g + 5. Let i be h(-5). Let j(s) be the second derivative of -s**4/12 - 7*s**3/3 + 21*s**2/2 + 115*s. What is the tens digit of j(i)?
6
Let t(i) = 438*i - 2793. What is the units digit of t(31)?
5
Suppose -4*j - 4 = 0, -3*q - 2*j = -q - 2380. Let g = 2037 - q. What is the units digit of g?
6
Let r(n) = 6*n + 39. Let j be r(-10). What is the tens digit of (-788)/((j/(-3))/(-7))?
8
Let f(k) = -71*k**3 + 8*k**2 - 19*k - 234. What is the tens digit of f(-9)?
4
Suppose -30 = -3*p - 24. Suppose 9*j - 2359 = p*j. What is the units digit of j?
7
Suppose 3*q + 5*k = -8493 + 35085, 3*q = k + 26574. What is the hundreds digit of q?
8
Let v = -92 + 154. Let r = v - 15. Suppose -5*x = t - 51, -r = -3*x - t - 18. What is the units digit of x?
1
Let h(n) = -233*n + 352. Let i be h(0). Let s(b) = -7*b**2 - 7*b - 3. Let f be s(-5). Let v = f + i. What is the hundreds digit of v?
2
Let n(y) = -4*y**3 + 8*y**2 + 32*y - 9. Let u be n(4). Suppose b + 4 + 46 = 0. What is the tens digit of (-3 - u)*b/(-4)?
7
Suppose -5*b - 12810 = l, b = -5*l - 2792 + 230. Let r be (-12)/28 + (-22)/14. What is the units digit of b/(-36) - r/(-12)?
1
Let z(d) be the second derivative of -d**5/20 + 13*d**4/12 + 17*d**3/3 - 7*d**2 + 5*d + 2. Let p be ((1 - 1) + 1)*(15 - 1). What is the units digit of z(p)?
6
Suppose -4*r + 7*r - b = -616, 3*b = 5*r + 1020. Let l(x) = -301*x - 11. Let j be l(-1). Let i = r + j. What is the units digit of i?
3
Let o = 41 - 24. Suppose 9 - o = -4*j. Suppose 3*p - 154 = x, j*p - 4*x + 35 = 141. What is the units digit of p?
1
Suppose 73 = -5*l - 3*j, -4*l - 38 = -j + 17. Let u = 13 + l. Let v(d) = 11*d**2 + 2*d + 1. What is the tens digit of v(u)?
1
What is the hundreds digit of ((-476)/(-136))/(1/1118)?
9
Let a(l) = -5*l**2 - 15*l + 1. Let i(q) = -q**2 + q - 1. Let j(y) = -a(y) + i(y). Let f be j(-7). Suppose -f = -5*u + 33. What is the units digit of u?
3
Suppose 0 = m - 4*h - 1625, 5*h = 5*m - 0*h - 8200. What is the thousands digit of m?
1
Let b(y) = -3*y - 41. Let m be b(-18). Let q be (3/2)/((m/(-6))/13). Let h(g) = -g**3 - 10*g**2 - 13*g - 9. What is the tens digit of h(q)?
2
Let z = -193 - -383. Suppose z = -2*k - w + 647, 1150 = 5*k + w. What is the hundreds digit of k?
2
Let x(f) = f**3 + 11*f**2 - 12*f - 27. Let j be x(-11). Let p = -3 - -2. What is the hundreds digit of 1*p + j + 4?
1
Suppose -45406 = 39*b - 14167. Let m = b - -1425. What is the units digit of m?
4
Let r = 168 + -120. Let s be (-6)/(-16) + 8478/r. Let v = 305 - s. What is the tens digit of v?
2
Suppose 5*s + 819 = 2199. Let t = s - 174. What is the hundreds digit of t?
1
Suppose 2*j + j = -u - 82, 135 = -5*j - 2*u. Let m = j - -58. Let v = 91 - m. What is the units digit of v?
2
Let o = 7244 - 1995. What is the thousands digit of o?
5
Let c(f) = -9*f + 2. Let v be c(0). What is the units digit of -14 + v + 5 - -622?
5
Let t be 185/35 - 2/7. Suppose t - 77 = -4*z. What is the units digit of 73*1 - (z + -18)?
3
Let d be 2/3*(-23037)/(-14). Let c = d + -424. What is the hundreds digit of c?
6
Suppose -5*a = 5*a + 4310. What is the tens digit of (-72)/33 - -2 - a/11?
3
What is the hundreds digit of -5 + (-7 - 3) - -10886?
8
Let l(c) = -c**3 + 33*c**2 + 2*c - 133. What is the units digit of l(29)?
9
Let p(k) = k**2 + 10*k + 13. Let b = 28 - 39. Let r be p(b). Suppose 0*g + r = g. What is the units digit of g?
4
Let i = -1 - 2. Let v be (i/(-6)*-2)/(-1). What is the units digit of (-1 + -6*v)*(-7 + -4)?
7
Let j be 7/3 + 1/((-9)/(-6)). Suppose -3*w + l = 204, 77 - 296 = j*w + 4*l. Let m = w + 230. What is the tens digit of m?
6
Suppose -66*b + 69666 = 2*d - 61*b, b + 139244 = 4*d. What is the thousands digit of d?
4
Let o = -102 + 2945. What is the units digit of o?
3
Let g be (((-22)/(-33))/((-1)/3))/(-1). Let j be g/(-15) + (-94)/(-30). Suppose 2*r - j*f = -5*f + 376, 4*f + 578 = 3*r. What is the units digit of r?
0
Suppose 9*z = 8*z + 5. Let o(x) = -x**2 + 17. Let g be o(z). Let c = 24 + g. What is the units digit of c?
6
Let w(d) = -d**2 + 10*d - 21. Let b be w(6). Suppose 0 = 4*p - 2*v + b*v - 65, 49 = 3*p + v. Suppose p = -3*t + 58. What is the units digit of t?
4
Suppose 3*p + 36 - 45 = 0. Suppose -p*q + 1057 = -0*q + 4*o, 0 = -3*q + 2*o + 1051. What is the units digit of q?
1
Let j = 208 + -194. What is the hundreds digit of 4128/j - 46/(-322)?
2
What is the thousands digit of (-85656370)/(-2470) + 4/13?
4
Let t = -11 - -94. Let w = -115 - -151. Let n = t - w. What is the tens digit of n?
4
Let b(n) = 1629*n - 5474. What is the hundreds digit of b(6)?
3
Let b(k) = 938*k**2 - 19*k + 32. Let r be b(2). Let t = r + -2449. What is the thousands digit of t?
1
Let l(u) be the third derivative of u**5/12 + u**4/24 - 43*u**3/6 - 24*u**2. What is the units digit of l(11)?
3
Let x(h) = h**3 - 5*h**2 + 7*h - 7. Let z be x(4). Suppose 3*w - 587 = u, 3*w + 583 = 6*w - z*u. What is the hundreds digit of w?
1
Suppose 1592 = -3*c - 127. Let w = c + 993. What is the units digit of w?
0
Suppose -21*w + 25*w - 1616 = -5*c, 5*w = -3*c + 2033. Suppose -36 = -4*p - 4*o + 1500, -w = -p + 4*o. What is the units digit of p?
9
Suppose -14*y - 25 = -19*y. Let x(l) = -l**3 + 6*l**2 - 3*l - 7. Let h be x(y). Suppose 0 = -h*c - 0 + 42. What is the tens digit of c?
1
Suppose 6671 + 15011 = 21*a - 23930. What is the thousands digit of a?
2
What is the units digit of (-5)/(220/8) + ((-5739710)/(-110) - -4)?
3
Let y = 83 - 82. Let x be 90 + (4 + y)/(-5). Suppose j - 100 = x. What is the tens digit of j?
8
Suppose -916483 = -32*f + 982461. What is the units digit of f?
2
Let g(v) = -v**3 + 30*v**2 + 93*v + 33. What is the thousands digit of g(30)?
2
Let l be 9/(-6) - 6/4. What is the units digit of (-165 + 0)*7*l/9?
5
Suppose 3*q + 2*p - 500 = -3*p, -3*q + 3*p = -492. Let t = 72 + q. What is the hundreds digit of t?
2
Let b(s) = -10*s**3 - 5*s**2 + 2*s - 3. Let j be b(-5). Suppose 0 = -2*n + 3*q + 574, -j - 76 = -4*n - 4*q. Let k = n - 169. What is the units digit of k?
4
Let b = -10728 + 23264. What is the ten thousands digit of b?
1
Let n = -276 - -298. Suppose -f - 13419 = -n*f. What is the units digit of f?
9
Let b = 76 + -27. Suppose -3*d = -95 - b. Let l = 50 - d. What is the units digit of l?
2
What is the units digit of ((-4)/6)/(7 + 499098/(-71298))?
1
Let n(s) = -s**3 - 3*s**2 - 2*s - 1. Let d be n(-3). Suppose 98 = -d*t + 1733. Suppose -337 = -4*u - 3*c, -4*u - 3*c + t = 2*c. What is the units digit of u?
8
Suppose -x - 5 = 0, i + 29*x + 5 = 27*x. Suppose 2*j = -h - 2, 4*j + 0 + 4 = -h. Suppose h = -i*n + 3*n + 56. What is the tens digit of n?
2
Suppose 1600560 = 189*y - 59*y. What is the thousands digit of y?
2
Suppose -u + b = -753, 5*u - 3557 - 204 = b. Suppose -3*w - u = -7*w. Suppose -19*a + 762 = -w. What is the tens digit of a?
5
Let f be 33/1*(-25)/3. Let d be 14/1386*11 + (-14468)/(-36). Let n = d + f. What is the units digit of n?
7
Let i = -27397 + 39059. What is the ten thousands digit of i?
1
Suppose 3*x + 178 = x. Let d be (-128)/2 + (4 - 8). Let u = d - x. What is the tens digit of u?
2
Let i(g) be the second derivative of -17*g**6/240 - 11*g**5/40 + g**4 + 43*g. Let u(n) be the third derivative of i(n). What is the units digit of u(-6)?
3
Let q = 6 - -9. Let p be 2 - ((-4)/(-20) - 3/q). What is the tens digit of (60/50)/(p/40)?
2
Suppose 17*l = 5*l + 7176. Let i = l - 176. Suppose 0 = 4*j - i - 194. What is the units digit of j?
4
Let w = -270 + 112. Let d = -223 - w. Let y = d + 149. What is the units digit of y?
4
Let s = 2487 + -376. What is the hundreds digit of s?
1
Let w(t) = -t**3 - 12*t**2 - 2*t - 15. Let s be w(-12). Suppose -467 = -s*g + 586. Let n = 205 - g. What is the units digit of n?
8
Let k = 14242 - -4397. What is the units digit of k?
9
What is the hundreds digit of (1 + (-3)/(-36)*3412)/(12/162)?
8
Let a be -1 + 6 - 2 - 151.